 is the highest common divisor of 61 and y?
61
Let u = -9296 + 9338. Let o be 1088/26 + (-6)/(-39). Calculate the highest common factor of o and u.
42
Let t be (-9)/15 + (-38358)/(-30). What is the highest common divisor of t and 12?
6
Suppose 3*z - 215 = -f, -5*f = -3*z + 120 + 65. Suppose -2*v - 3*v + z = 0. Let h(u) = 93*u + 19. Let d be h(1). Calculate the highest common factor of d and v.
14
Suppose 7*h = 6*h - 7. Let g be 24/(-56) - (101/h + -1). Let n be 4*2/3*g/4. What is the greatest common factor of n and 110?
10
Let k be 12/(-20) - 4590/(-25). Let p = k - 169. What is the greatest common divisor of 35 and p?
7
Let m be 13*(470/47 + -3 + 1 + -5). What is the highest common factor of m and 5993?
13
Suppose 128 = 12*n - 4*n. Let t(y) = 8*y**2 + 5*y + 40. Let w be t(-8). What is the highest common divisor of w and n?
16
Let f be 0 - (-4 - (-3)/(-3)). Suppose 0 = 3*x + 3*o - o - 55, 0 = f*x - 2*o - 81. Let w = 38 - x. Calculate the greatest common divisor of w and 14.
7
Let u = -17 + 18. Suppose -11 = -5*f - u. Suppose -f*j = -j - 2*m + 1, -j - 5*m + 34 = 0. What is the greatest common divisor of j and 6?
3
Let s be 2/(-12) - 21/(-18)*4808/56. Calculate the highest common factor of s and 820.
20
Let j(n) = -2*n**3 - 187*n**2 + 90*n + 168. Let d be j(-94). Calculate the highest common divisor of 64 and d.
32
Suppose -2*l - 4*z + 190 + 122 = -104, 0 = -2*z. What is the highest common factor of 1616 and l?
16
Let q = -27220 - -28510. Calculate the highest common divisor of q and 10105.
215
Suppose 102 = -149*u + 150*u + g, 3*g = -u + 98. What is the highest common factor of u and 124?
4
Let r = 256 + -252. Suppose 5*o - 129 = 3*l, -3*l = r*o - 0*l - 114. Calculate the greatest common divisor of 3 and o.
3
Let y(f) = 31*f**2 + f + 24. Let j be y(3). Calculate the highest common factor of j and 119.
17
Suppose 84433 = -152*x + 439809. Calculate the highest common divisor of 154 and x.
14
Let l = -5493 - -8342. Suppose 20*q - 51 = l. Calculate the greatest common divisor of q and 58.
29
Let u = 73 + -49. Suppose 6*t = 1 + 5. Suppose -2*r = 3*d - t, 3*d = -5*r + 3 + 22. Calculate the highest common factor of r and u.
8
Let b(m) = -6*m**3 + 11*m**2 - 32*m - 117. Let i be b(-6). Calculate the highest common factor of 62 and i.
31
Let i(l) = -8*l**3 + 4*l**2 + 7*l + 7. Let p(g) = g**2 + 2*g + 1. Let r(y) = i(y) - 3*p(y). Let x be r(-2). Calculate the highest common factor of 245 and x.
35
Let c = 572 - 572. Suppose -2*d - 3*d = -k - 89, c = 5*d - 4*k - 86. What is the greatest common divisor of 24 and d?
6
Suppose 5*o = 4262 + 2528. Suppose 3*j = 9, -o + 526 = -4*f + 4*j. Let h = -97 + f. Calculate the greatest common divisor of h and 6.
6
Suppose t = -3*t + 108. Let f be 15/10*144 + -8. Suppose -n + t + 17 = h, -2*n + f = 5*h. Calculate the highest common factor of h and 80.
40
Suppose 17 + 22 = 3*b. Let u = -102 + 104. Suppose u*p = -c + 15 + 35, -p - c + 24 = 0. What is the highest common divisor of p and b?
13
Let r(q) be the third derivative of -q**6/120 + 9*q**5/20 - q**4/12 + 77*q**3/6 + q**2 + 62*q. Let b be r(27). What is the highest common factor of 1357 and b?
23
Let i = 158 + -111. Let t(n) = 187*n**2 + 1. Let y(j) = -2*j**2 + 19*j - 44. Let h be y(5). Let g be t(h). What is the greatest common factor of i and g?
47
Suppose -146 - 74 = -5*r. Let w(d) = -8 - 3*d**3 + 9*d**2 + 31*d - 21*d**2 - 24*d + 8*d**3. Let b be w(5). Calculate the greatest common divisor of r and b.
44
Let v = 530 + -523. Let w(p) = 40*p + 56. Let f be w(v). Calculate the greatest common divisor of 48 and f.
48
Let r = 11638 + -11594. Calculate the highest common divisor of r and 7348.
44
Let c be 14/(56/2304*9). What is the greatest common divisor of 10432 and c?
64
Let s(f) = 14*f + 22 + f**2 + 149 - 364. Let t be s(-23). Calculate the greatest common factor of 2 and t.
2
Let q(f) = -112*f + 459. Let o be q(4). Let r be 15839/3 + 2/6. Suppose i + r = o*i. What is the highest common divisor of i and 48?
48
Let h(o) = -o - 2 + 0*o + 4. Let x = 13119 + -13123. Let g be h(x). What is the highest common divisor of 4 and g?
2
Let p = -63 - -101. Let o be -32 - 1455/(-45) - 20/6 - -193. Calculate the greatest common divisor of o and p.
38
Suppose 5*r - 239 - 876 = 5*l, 2*r + 3*l = 436. Let o = 437 + -403. What is the highest common divisor of o and r?
17
Let g(y) = -y**2 + 9*y - 7. Let d be g(7). Suppose 0 = -d*o - 13 + 69. What is the highest common divisor of 16 and o?
8
Let t = -7748 - -7794. What is the highest common divisor of 667 and t?
23
Let d(w) = 3*w + 3. Let b(u) = u**3 - u. Let m be b(-1). Let j be d(m). Let i = 147 - 123. Calculate the highest common factor of i and j.
3
Let d = -44 + 119. Calculate the greatest common factor of d and 40.
5
Suppose -45 = -5*t + 4*o, 0 = 5*t - 2*o - 83 + 28. Let u be (13/4 - 0)/((-114)/(-5016)). What is the highest common divisor of u and t?
13
Let o be 17 + -9 + 0 - 4. Let s(z) = -2*z**2 + 2*z - 6 - 3*z + 6*z**2 - 4. Let i be s(o). Calculate the highest common divisor of i and 125.
25
Suppose 4969 = 4*t - 5*o, 2497 = -59*t + 61*t - 5*o. What is the greatest common factor of 18 and t?
6
Let i be -91 + 2/4*(-1 + 1). Let f = i + 103. Let c(k) = k + 9. Let h be c(-5). What is the greatest common factor of f and h?
4
Let d = -314 + 312. Let a be (9 - 1 - -18)*d/(-4). Calculate the highest common divisor of 10 and a.
1
Let x be ((-8)/10)/((-2)/45). Let d(z) = 187*z + 1890. Let y be d(-9). What is the highest common factor of y and x?
9
Suppose 4*z - 223 - 772 + 247 = 0. What is the greatest common divisor of z and 629?
17
Suppose -4*l + 253 + 27 = 0. Let t(x) = x**3 + 7*x**2 + 5*x + 9. Let v be t(-6). Let q = 13 + v. What is the greatest common factor of l and q?
14
Suppose -17*u + 10839 = -2132. Let a be 1/(4 + ((-6525)/(-545))/(-3)). What is the greatest common factor of u and a?
109
Let v = -163 + 161. Let h be (v*1)/(21/(-756)). Calculate the highest common factor of 48 and h.
24
Let x(y) = -3*y + 5. Let k be x(8). Let h be 6/9 - k/3. Let n = -10431 + 10466. What is the highest common factor of h and n?
7
Suppose 0 - 2 = -k, q = k. Suppose 5*d = -q*d + 42. Suppose h = -4*t + 28, 0 = 2*h - t + d*t - 50. What is the greatest common factor of h and 50?
10
Suppose -4*o - a + 75 = 0, -2*o - 35 = -3*o + 3*a. Let m = 34 - o. Let l = 49404 + -49376. What is the highest common divisor of m and l?
14
Let h(x) = 5*x**2 + 63*x - 11. Let w be h(-17). Let g = w - 110. What is the greatest common divisor of g and 11?
11
Let u(f) = f + 3. Let c be u(0). Let n = c + 3. Let x = 168 - 90. What is the greatest common divisor of x and n?
6
Let r be ((920/16)/23)/(2/92) + -5. What is the highest common factor of 20 and r?
10
Suppose -u = -2*j + 2*u + 54, 0 = 5*j - u - 135. Let v = j + -12. Calculate the greatest common divisor of v and 30.
15
Let r(y) = -y**2 - 5*y + 22. Let i be r(-6). Suppose -577 = -i*w + 207. What is the greatest common factor of w and 14?
7
Let t = 305 + -235. Suppose 6*v - 2*v + 3*b = 1, 2*v + 4*b = 8. Let u be (-429)/(-44) + v/(-8). Calculate the greatest common factor of t and u.
10
Suppose 3*p - 153*x - 463 = -155*x, 4*x - 101 = -p. Let w be 2*10/(-2 + 4). Calculate the greatest common factor of p and w.
5
Let o(d) = -20*d - 6. Let a be o(-8). Let h = -4906 - -4934. Calculate the greatest common factor of h and a.
14
Suppose 4*n + 4*x - 20 = 2*n, -5*x - 5 = -5*n. Let k be (2 - 2)/(-16) + (1 - -2). Calculate the greatest common factor of n and k.
1
Let f = -15903 - -15904. Calculate the highest common factor of 419 and f.
1
Suppose 4*x + 7 = 19. Suppose -h + 4*m - x + 28 = 0, 4*h = -4*m. Suppose 60 = 5*g + 5*b, -2*g - 3*g + 20 = -h*b. What is the highest common factor of 32 and g?
8
Let f(d) = 341*d + 4561. Let v be f(-13). What is the highest common divisor of 184 and v?
8
Let w be (-3782)/(-4) - ((-650)/52 + 10). What is the highest common factor of 1501 and w?
79
Suppose -3*x - 5617 = -5*z - 14769, -2*x + z + 6113 = 0. Calculate the greatest common divisor of 19 and x.
19
Let s(r) = 10*r - 4. Let q be s(5). Let i = 258846 - 258731. Calculate the greatest common divisor of q and i.
23
Let g(t) = -t**3 - 51*t**2 - 492*t + 85. Let s be g(-38). Let b = 5 - 5. Let f be (-1)/(b + 0 - 1). What is the highest common facto